{"id":10784,"date":"2025-10-09T13:19:18","date_gmt":"2025-10-09T13:19:18","guid":{"rendered":"https:\/\/estudiomajo.com\/sempre\/?post_type=product&#038;p=10784"},"modified":"2025-10-09T13:19:18","modified_gmt":"2025-10-09T13:19:18","slug":"dispositivo-anti-trauma-para-arnes-dpa911001","status":"publish","type":"product","link":"https:\/\/estudiomajo.com\/sempre\/producto\/dispositivo-anti-trauma-para-arnes-dpa911001\/","title":{"rendered":"Dispositivo anti-trauma para arn\u00e9s (DPA911001)"},"content":{"rendered":"","protected":false},"excerpt":{"rendered":"<ul>\n<li><strong>Material: <\/strong>hecho en poli\u00e9ster de alta tenacidad.<\/li>\n<li><strong>Medida:<\/strong> El\u00e1stico r\u00edgido de 30mm de ancho<\/li>\n<li><strong>Color:<\/strong> Negro<\/li>\n<li><strong>Usos posibles:<\/strong> Amortigua la carga durante una ca\u00edda, reduciendo las fuerzas de impacto sobre el cuerpo. Distribuye la presi\u00f3n de manera uniforme para minimizar el riesgo de lesiones por compresi\u00f3n. Optimiza la ergonom\u00eda del arn\u00e9s para mejorar la comodidad y la estabilidad.<\/li>\n<\/ul>\n","protected":false},"featured_media":10785,"comment_status":"open","ping_status":"closed","template":"","meta":[],"product_brand":[],"product_cat":[102,99],"product_tag":[],"class_list":{"0":"post-10784","1":"product","2":"type-product","3":"status-publish","4":"has-post-thumbnail","6":"product_cat-arnes","7":"product_cat-izajes","9":"first","10":"instock","11":"shipping-taxable","12":"product-type-simple"},"_links":{"self":[{"href":"https:\/\/estudiomajo.com\/sempre\/wp-json\/wp\/v2\/product\/10784","targetHints":{"allow":["GET"]}}],"collection":[{"href":"https:\/\/estudiomajo.com\/sempre\/wp-json\/wp\/v2\/product"}],"about":[{"href":"https:\/\/estudiomajo.com\/sempre\/wp-json\/wp\/v2\/types\/product"}],"replies":[{"embeddable":true,"href":"https:\/\/estudiomajo.com\/sempre\/wp-json\/wp\/v2\/comments?post=10784"}],"wp:featuredmedia":[{"embeddable":true,"href":"https:\/\/estudiomajo.com\/sempre\/wp-json\/wp\/v2\/media\/10785"}],"wp:attachment":[{"href":"https:\/\/estudiomajo.com\/sempre\/wp-json\/wp\/v2\/media?parent=10784"}],"wp:term":[{"taxonomy":"product_brand","embeddable":true,"href":"https:\/\/estudiomajo.com\/sempre\/wp-json\/wp\/v2\/product_brand?post=10784"},{"taxonomy":"product_cat","embeddable":true,"href":"https:\/\/estudiomajo.com\/sempre\/wp-json\/wp\/v2\/product_cat?post=10784"},{"taxonomy":"product_tag","embeddable":true,"href":"https:\/\/estudiomajo.com\/sempre\/wp-json\/wp\/v2\/product_tag?post=10784"}],"curies":[{"name":"wp","href":"https:\/\/api.w.org\/{rel}","templated":true}]}}