{"id":10857,"date":"2025-11-20T19:37:06","date_gmt":"2025-11-20T19:37:06","guid":{"rendered":"https:\/\/estudiomajo.com\/sempre\/?post_type=product&#038;p=10857"},"modified":"2025-11-20T19:57:40","modified_gmt":"2025-11-20T19:57:40","slug":"protector-auditivo-endoural","status":"publish","type":"product","link":"https:\/\/estudiomajo.com\/sempre\/producto\/protector-auditivo-endoural\/","title":{"rendered":"PROTECTOR AUDITIVO ENDOURAL"},"content":{"rendered":"","protected":false},"excerpt":{"rendered":"<ul>\n<li>Marca:\u00a0De Pascale.<\/li>\n<li>Tipo:\u00a0Copa, tipo vincha.<\/li>\n<li>Material:\u00a0Copas de ABS.<\/li>\n<li>Color:\u00a0Disponible en varios colores, como verde o amarillo fl\u00fao.<\/li>\n<li>Atenuaci\u00f3n:\u00a0Valor SNR de 25.5 dB.<\/li>\n<li>Peso:\u00a0161 gramos aproximadamente.<\/li>\n<li>Comodidad:\u00a0Almohadillas rellenas de espuma de poliuretano y arn\u00e9s de pl\u00e1stico ajustable para mayor comodidad.<\/li>\n<li>Uso:\u00a0Protecci\u00f3n auditiva contra niveles de ruido elevados en entornos industriales, construcci\u00f3n, jardiner\u00eda y otros.<\/li>\n<\/ul>\n","protected":false},"featured_media":10858,"comment_status":"open","ping_status":"closed","template":"","meta":[],"product_brand":[],"product_cat":[21,80],"product_tag":[],"class_list":{"0":"post-10857","1":"product","2":"type-product","3":"status-publish","4":"has-post-thumbnail","6":"product_cat-epp","7":"product_cat-seguridad-auditiva","9":"first","10":"instock","11":"shipping-taxable","12":"product-type-simple"},"_links":{"self":[{"href":"https:\/\/estudiomajo.com\/sempre\/wp-json\/wp\/v2\/product\/10857","targetHints":{"allow":["GET"]}}],"collection":[{"href":"https:\/\/estudiomajo.com\/sempre\/wp-json\/wp\/v2\/product"}],"about":[{"href":"https:\/\/estudiomajo.com\/sempre\/wp-json\/wp\/v2\/types\/product"}],"replies":[{"embeddable":true,"href":"https:\/\/estudiomajo.com\/sempre\/wp-json\/wp\/v2\/comments?post=10857"}],"wp:featuredmedia":[{"embeddable":true,"href":"https:\/\/estudiomajo.com\/sempre\/wp-json\/wp\/v2\/media\/10858"}],"wp:attachment":[{"href":"https:\/\/estudiomajo.com\/sempre\/wp-json\/wp\/v2\/media?parent=10857"}],"wp:term":[{"taxonomy":"product_brand","embeddable":true,"href":"https:\/\/estudiomajo.com\/sempre\/wp-json\/wp\/v2\/product_brand?post=10857"},{"taxonomy":"product_cat","embeddable":true,"href":"https:\/\/estudiomajo.com\/sempre\/wp-json\/wp\/v2\/product_cat?post=10857"},{"taxonomy":"product_tag","embeddable":true,"href":"https:\/\/estudiomajo.com\/sempre\/wp-json\/wp\/v2\/product_tag?post=10857"}],"curies":[{"name":"wp","href":"https:\/\/api.w.org\/{rel}","templated":true}]}}